4 + (-8 - (8 - 16)) - 12
-8
-7 - ((7 - 10) + 1) - 2
-7
What is the value of (-1 - 4) + 1 + 4?
0
(7 + -3 - 5) + 5
4
Evaluate -1 + 3 + (-8 - -7) + 3.
4
(3 - 10) + -12 + 18
-1
Calculate 1 - (-4 + 8) - (-2 - 0).
-1
Calculate -2 + -1 - (16 - 3 - 8).
-8
What is the value of -17 + 15 + (1 - 3)?
-4
What is the value of 8 - (4 + (1 - 1))?
4
Evaluate -14 + 12 + -1 + 2 + 2.
1
Evaluate -1 - (-3 + -2 - -4).
0
(-126 - -140) + -17 + 0
-3
Evaluate 7 - (-4 - 2 - -12).
1
What is the value of 10 + -2 + 1 + (85 - 90)?
4
0 - 0 - -4 - (-4 - -2)
6
What is the value of 14 - (-2 + 8) - 3?
5
What is the value of 2 + 1 + (17 - (19 + -10))?
11
Evaluate (-2 - -4) + 1 + -1 + -3.
-1
Evaluate 17 + -11 + 6 - 9.
3
What is the value of (-3 + 3 - 1) + 4?
3
-5 + 9 + (1 - -1)
6
-4 - (-7 + -4 - -5 - 2)
4
Evaluate 1 + (1 - 3) + (5 - 1).
3
Calculate -15 + 17 + 2 + (-3 - 1).
0
Evaluate -1 + -3 + 1 + -1 - -1.
-3
(1 - (0 - 5)) + -4
2
-3 + (2 - -2) - -3
4
What is the value of 7 + (-4 - (-5 + (-1 - -2)))?
7
-6 + 9 + -3 - (-5 + 3)
2
Evaluate -3 - -4 - (-6 - -2).
5
(-17 - -12) + (0 - 0)
-5
Calculate (-6 - (6 + -14 + 3)) + -5.
-6
Calculate 4 + (4 + -6 - 5).
-3
Evaluate -9 - -14 - (-5 - (-15 - 0)).
-5
What is (7 - 14 - -12) + -3?
2
Evaluate -3 - -1 - (5 + -10).
3
Calculate 1 - (-6 - -4 - -6).
-3
17 - 12 - (8 + -4)
1
10 - ((0 - 3) + 4)
9
What is -6 - (-2 + -9) - (1 + 2)?
2
Evaluate 3 + -4 - (-2 - (2 - 0)).
3
Calculate (-1 - (0 + 4)) + 9.
4
What is (2 - (-4 + -3)) + -10?
-1
10 + -4 + -3 + 1
4
What is the value of (2 - (-1 - 4)) + -11?
-4
Evaluate -1 + -2 + -4 + -8 + 24.
9
What is the value of -24 - -23 - (6 + -1 + -2)?
-4
What is the value of -6 - (-10 + 14 + 0)?
-10
What is (4 - 8) + 12 + -19 + 6?
-5
Evaluate 7 + 10 + -20 + 10.
7
Evaluate 3 + 8 + -7 + (0 - 0).
4
What is the value of -5 + 14 + -9 + 4?
4
Evaluate 0 + -7 + (3 - -2).
-2
What is the value of -1 + (-3 - -3) - (-2 - 0)?
1
What is the value of 3 + -2 + -11 + 5?
-5
What is the value of 2 + 0 + 0 - (-57 - -54)?
5
What is 16 + -6 + -6 - 10?
-6
What is 56 + -63 - (0 + -9)?
2
What is the value of (2 - (8 + -3)) + (6 - 2)?
1
2 + (9 - 4 - 3) + -7
-3
What is the value of (4 - 9) + (2 - 2)?
-5
Calculate -1 + -3 + -6 + 10.
0
Calculate 7 + (-1 - -1) + -7 - 7.
-7
Evaluate -2 - 1 - (-1 + 4 + -1).
-5
Calculate -2 + 3 + (-4 - 2) + 2.
-3
What is the value of -13 - (-3 + (5 - (2 + 5)))?
-8
What is 0 - (2 - (1 - (0 + -2)))?
1
Calculate 11 + -2 + 61 + -66.
4
Evaluate -2 - (2 + -1 + -5).
2
What is (-5 - -2) + -7 - (-1 + -2)?
-7
What is -2 + 3 - 5 - (-9 - -4)?
1
Calculate -3 + (0 - -1) + 3.
1
-4 + 5 + -4 + 2 + 2
1
What is -9 + 1 - (9 + -18)?
1
Evaluate -13 - (-2 - 4) - -4 - 0.
-3
What is 6 + 0 + (-30 - -24) + -6?
-6
Evaluate 9 + 0 - (-10 + 17 + -4).
6
What is (-1 - -4) + (9 - 3) + -4?
5
What is the value of -3 + 4 - (-3 - (4 + -3))?
5
(-13 - (-15 - -3)) + (7 - -1)
7
Evaluate 1 + -2 - (-6 + (2 - 1)).
4
Evaluate -5 - ((6 - 4) + -13) - 4.
2
9 + -2 - (-6 - (3 - 23))
-7
Calculate 0 + -3 + (15 - 10).
2
4 + -1 + (-13 + 24 - 18)
-4
(-4 - -4) + -6 + (13 - 2)
5
Calculate -4 - (10 + -7) - -9.
2
Evaluate -1 - -2 - (-1 - (7 - 12)).
-3
What is the value of 6 - (8 - (-12 - -10))?
-4
What is -3 + (6 - (4 + (-5 - -6)))?
-2
-4 + (7 - 2 - (0 + 4))
-3
Evaluate (-1 - -1) + -3 + (0 - -3).
0
Evaluate 5 - (-4 + (10 - 6)).
5
What is 1 + 2 + (5 - (8 - -8))?
-8
-8 - -4 - (5 - 13)
4
What is (-6 + 8 + -6 - 2) + 8?
2
Calculate (-6 - (3 + 0)) + 8.
-1
What is the value of -9 - (-14 - -7) - (0 + 2)?
-4
-4 - (-1 + -1) - 1 - -1
-2
3 + (-2 + -1 - 5)
-5
(1 + -3 - (-13 + 8)) + 0
3
Calculate -14 + (9 - (8 - 6)).
-7
What is 14 + 13 + -9 - 13?
5
7 - (7 + -5) - (9 + -2)
-2
What is 1 + 2 + 0 - (21 - 15)?
-3
Calculate 1 + 0 + (37 - 35).
3
What is the value of (1 - -5 - 7) + -5?
-6
What is the value of 1 + 2 + (3 - 6) + 3?
3
Evaluate 0 - -2 - (-12 + 10) - 2.
2
9 + -6 + 1 + -4
0
What is the value of 4 + (0 - (3 + -10)) + -7?
4
Calculate (0 - 9 - (14 + -19)) + 4.
0
Evaluate (5 - (-13 - -6)) + -15.
-3
Calculate -2 + (1 - (6 + -7)).
0
What is -1 + -2 + -1 + (-74 - -73)?
-5
Calculate 7 - (13 + -3 - 3).
0
Evaluate -4 + 6 + (4 - 4).
2
What is the value of 2 + (-3 - -2) + 1 - -2?
4
What is the value of -5 - (3 - (3 - (-3 + 2)))?
-4
What is 4 - (0 + (5 - 1))?
0
Evaluate (-4 - (-9 + 8)) + (-1 - 0).
-4
Evaluate 7 + -10 - -1 - 5.
-7
What is the value of -1 + 4 - (-2 + -8 + 8)?
5
-39 + 33 + (5 - (3 + -5))
1
(1 - 0) + (-1 - (-16 + 9))
7
Calculate (-1 - -1 - -3) + 2 + -5.
0
Calculate 8 + -10 + -1 + 7.
4
(-3 - (-7 - (-5 + 1))) + 4
4
What is -14 - -12 - (-1 - -1) - 1?
-3
Evaluate -1 + -5 + 7 + -5.
-4
2 + (-11 - -6) + 5
2
11 + (-6 - 15 - -13)
3
What is 2 + -8 + (6 - 0)?
0
What is the value of -2 - (4 + 0 + (10 - 16))?
0
Calculate 757 + -755 + -5 + (0 - 1).
-4
0 - (-16 + 22) - (-7 - -1)
0
What is the value of 5 + (1 - -2 - 3)?
5
Calculate (4 - (-1 + -1)) + (1 - 16).
-9
What is (5 - (-3 + 4 + 0)) + -8?
-4
What is 6 + (-11 - (-7 - (-5 + 1)))?
-2
(1 - (-6 - 4)) + -11
0
-3 - ((-4 - (-7 - -2)) + -2)
-2
Evaluate 0 + (-1 + 6 - (11 + -2)).
-4
What is the value of -1 - 5 - (-4 - 3)?
1
(5 - 3 - 3) + -2
-3
Calculate -4 + -10 + (24 - 6).
4
What is the value of -3 + 0 + 3 + -1 + 5?
4
What is 3 + -2 - (2 - (1 + -5))?
-5
What is (4 - -2 - 4) + 6?
8
What is -1 + (-2 + 0 - 0) + 3?
0
4 + ((-2 - 2) + 4 - -1)
5
What is 1 + (1 - (6 + -3))?
-1
What is (-5 - -1) + -4 + 2 - -6?
0
Calculate (-1 - (1 - 3)) + -48 + 50.
3
What is 0 + 9 + -1 + (-59 - -54)?
3
What is (0 - 1) + (2 - -3) + -4?
0
Calculate (-1 - -4) + (4 - (-2 - -8)).
1
What is the value of -7 + 2 - (-5 + 9 + -9)?
0
What is the value of -16 + -11 + 23 + 5?
1
What is the value of -1 + -6 - (-2 - 1)?
-4
-5 + 2 - (-5 + -3)
5
-2 + 0 - (5 + -3)
-4
Calculate 8 + -4 + -7 + 7.
4
What is 0 + 5 + -4 + 5 - 4?
2
23 + -21 + -1 + 1
2
What is the value of -15 + (-11 - -9) - -7?
-10
Calculate (-6 - ((-6 - -21) + -6)) + 7.
-8
Calculate 12 + -9 - (0 - 2).
5
Evaluate (-1 - -2) + (1 - 3).
-1
-3 + (-4 - (2 - 5))
-4
What is 0 + 6 + (-13 - -9) - -4?
6
What is the value of 4 + -7 + (0 - 1) - -7?
3
Evaluate -1 + 2 - (5 + -8 - -4).
0
Calculate 1 - (-2 + 8 + -5).
0
Evaluate -2 + -1 + 2 + 12 + -6.
5
Calculate -1 + 3 - (12 - 14).
4
What is the value of 1 + (5 + -1 - (9 - 3))?
-1
What is the value of -2 + (1 - 1) + 11?
9
15 + -5 + -4 + -3
3
-4 - -4 - (40 + -29)
-11
What is -8 - (-1 - (15 + 8 + -8))?
8
What is the value of (-1 - 5) + (-2 - 3 - -8)?
-3
Evaluate -6 - (4 - (-1 + 6)) - -5.
0
Evaluate 5 - (-2 - (-5 - 1)).
1
13 + -9 + (-1 - -7) + -5
5
Calculate 0 - (1 - -1 - (4 - 5)).
-3
What is -5 + 2 - (-3 + -1)?
1
What is the value of 18 + -14 + (0 - 6) + 1?
-1
Calculate -2 - (-1 - 3) - -2.
4
Calculate -3 - (-3 - -1) - 1.
-2
Evaluate -2 + (-8 - -7 - (-6 + -4)).
7
What is the value of (6 - (-1 - -5)) + 0 - 2?
0
What is -7 + -6 + 2 + 14?
3
(8 - 8) + -3 + 2 + 0
-1
What is the value of 15 - ((-2 - 6) + 19)?
4
What is 6 + -2 + 1 - 6?
-1
Calculate (2 - -5) + -4 + 2.
5
Evaluate 0 + (-5 - 2) - (-81 - -79).
-5
Evaluate 1 - (-1 - (2 + -6 - 1)).
-3
(2 - (2 - 4)) + (0 - -1)
5
What is (2 - -1) + -14 + 8?
-3
What is -4 + (8 - ((5 - 5) + -7))?
11
What is the value of -14 + (3 - -2) + 4?
-5
Evaluate 4 - (0 - 1 - (1 - 8)).
-2
Evaluate 5 - (1 + 9 - 0).
-5
What is 1 + (-5 - -1) + 3?
0
Calculate -10 + 13 - (5 + -4 + -2).
4
What is (-8 - 2) + -3 + 11?
-2
What is 2 + (9 - (16 + -4))?
-1
(45 - 51) + 0 + -2
-8
0 + -2 + (4 - 7)
-5
(0 - -3) + -4 + (5 - 4)
0
What is the value of (-1 + 4 - (-15 + 18)) + 0?
0
What is the value of 2 + 0 + -1 + 0 + 4?
5
What is the value of -1 + 1 - (2 + -1 - -1)?
-2
Calculate 4 + (2 - 2) - (2 + 1).
1
Calculate -2 + 4 + (-3 - -4).
3
What is the value of (0 - (2 - 5) - 3) + -1?
-1
Evaluate -1 - (-1 + 7 + -3 + -1).
-3
What is -11 - (-5 + 6 - 7) - 0?
-5
Calculate (5 - 5 - 3) + 0.
-3
What is the value of 146 + -155 + 13 + -1?
3
Evaluate 1 + -1 + (3 - 3).
0
-2 - (-3 - (-3 + 0))
-2
Evaluate (4 - -2) + -22 + 17.
1
What is the value of (2 - 4) + 0 + (-2 - 0)?
-4
Evaluate (1 - 4) + (-4 - 7 - -9).
-5
What is (3 + -8 - -8) + 1?
4
-4 + (-5 + 11 + -4 - 1)
-3
What is (-10 - -5) + 5 + -2 + -3?
-5
10 + 4 + -16 + 10
8
Evaluate -1 + (6 - (11 - -1)).
-7
Calculate 13 + -8 + (2 - 2).
5
What is -7 - (3 + -2 + -2 + -1)?
-5
What is -4 + 2 - (2 + 4 + -2)?
-6
What is -10 + (-11 - -18) + 3 + 5?
5
Evaluate 6 + -56 + 61 + -5 + 0.
6
-2 + 